*j + 11380, 5*j + 3398 - x = -2*v. Is v prime?
False
Suppose 3*r - 305291 = 2*v, 25*v - 24*v - 508788 = -5*r. Is r prime?
False
Let u be 1*-1 - (-55 + -2). Suppose 3895 = 78*g + 402 - 1577. Let r = g - u. Is r a composite number?
True
Suppose 4*s = 10*a - 6*a + 100964, 2*a - 100988 = -4*s. Let k = s + -5536. Is k a prime number?
True
Let a = 254022 + -171361. Is a a prime number?
False
Let b be (-2)/(-2) + 8 + 0/11. Let n(x) = 638*x**2 + 4*x + 37. Is n(b) composite?
True
Suppose 34*q + 21332 = 36*q. Is 10/(-2) - ((1 - q) + -3) a composite number?
False
Suppose -w - 2 - 2 = 2*g, -16 = g + 4*w. Suppose 4*x = 5*i + 6978 - 61713, 5*i - 2*x - 54735 = g. Suppose -i = -8*n + 20933. Is n a prime number?
False
Let g(z) = z**3 - 4*z**2 + 117*z + 97. Is g(68) a composite number?
True
Let n be ((-30)/(-35))/(7/931). Suppose -2*d - 361 = -2*u - 53, 4*u - 631 = d. Is (1*n/(-18))/((-1)/u) a composite number?
True
Let x(w) be the first derivative of -9*w**4/4 + 3*w**3 - 15*w**2/2 + 23*w + 29. Let j be 56/(-6) + (-12)/(-9). Is x(j) composite?
True
Let u(o) be the first derivative of 383*o**4/24 - 3*o**3/2 + 11*o**2/2 - 18. Let b(t) be the second derivative of u(t). Is b(2) a composite number?
False
Suppose -250*p + 475690 = -248*p + 3*x, -3*p + 4*x + 713569 = 0. Is p a composite number?
False
Let r = -1706 - -6148. Suppose -10*z = -12*z + r. Let w = z + -948. Is w a prime number?
False
Suppose -3*k = 4*o + o - 224989, 134995 = 3*o + k. Is o a prime number?
False
Suppose 3542 = -23*l + 34*l. Let s = -189 + l. Is s prime?
False
Let z = 29 + -24. Suppose z*i = -5*t + 25, -2*t = 3*i + 3*t - 15. Suppose 3*w = i*w - 6, 0 = -3*n + 4*w + 1551. Is n prime?
True
Suppose 2*z + 5*h - 13665 = 0, -4*z + 7*h = 4*h - 27265. Let o = z + -1778. Is o a prime number?
False
Is 207716/8*3*4*7/42 composite?
False
Let u(g) = -3*g**2 + g. Let v(y) = -5*y**2 - 14*y - 5. Let s(i) = -2*u(i) + v(i). Is s(-12) a composite number?
False
Let m = -11 + 33. Let n = m - 19. Suppose n*c = 29 + 217. Is c prime?
False
Suppose -2*w - 2*h + 72 = 0, -10*w + 5*h = -5*w - 220. Suppose w*v - 51*v = -206503. Is v prime?
True
Let c(r) = -r**3 + 5*r**2 + 7*r - 10. Let n be c(6). Let i = n - -9. Suppose -w + 553 = -4*j, 0 = -2*w + i*j - 3*j + 1106. Is w a prime number?
False
Let a be -18*-10*1/6. Is (a/(-20))/(6/(-4))*15349 a prime number?
True
Let r(t) = 10*t**3 - 9*t**2 - t - 4. Let d(y) = y**3 - y**2 - y + 1. Let b(p) = -5*d(p) + r(p). Suppose 402 = 126*a - 59*a. Is b(a) composite?
True
Let n = 521411 + -84904. Is n a prime number?
True
Let v = 45900 - 31413. Let j = v + -7966. Is j prime?
True
Suppose 4*b + 9*c - 152 = 5*c, 5*b - 226 = 4*c. Is b/(-56)*3352/(-6) composite?
False
Suppose 0 = -105*s + 180*s - 2645025. Is s prime?
True
Let h = 2915 + -1096. Let v = 3033 - h. Suppose -v - 198 = -4*y. Is y a composite number?
False
Let l(t) = t**3 + 21*t**2 + t + 21. Let c be l(-21). Suppose 5*f + 5269 - 26274 = c. Is f composite?
False
Suppose b = 5*c + 18, -c - 15 = -2*b + 3. Suppose 6*y - b*y - 15263 = -m, -2*y = -2*m + 30522. Is m composite?
False
Suppose -m - 4*o + 220128 = 3*m, 3*o + 165102 = 3*m. Suppose 95138 = 21*t - m. Is t composite?
False
Suppose -u + 24749 = 2*h, 3*h + 71887 - 22389 = 2*u. Is u a composite number?
False
Let g = 263 - -616. Is g a composite number?
True
Suppose 0 = -38*o + 73*o - 25352705. Is o prime?
False
Let z = 65 - 55. Let s be (2978/(-5))/(9/z - 1). Let b = s + -3903. Is b prime?
True
Let t = 40496 + -12879. Is t composite?
False
Let t = 2633978 - 1405785. Is t a composite number?
False
Suppose 550*o - 530*o - 15629860 = 0. Is o composite?
False
Let p be (1/(1/(-8238)))/((-42)/21). Suppose -h = -12376 - p. Is h composite?
True
Let i = 230 - 225. Suppose -3*y + 9582 = 3*d, i*y + d + 230 = 16180. Is y prime?
False
Suppose -4*p + 2 = -2*d, 3*p - 2*d + 3 = 7. Let l(o) = o - 1. Let k(r) = -158*r + 9. Let s(w) = k(w) + 6*l(w). Is s(p) prime?
True
Let t(y) = -4*y - 50. Let k be t(-13). Is 499 + 0*(k - (-6)/(-4)) composite?
False
Let m(x) be the third derivative of 199*x**8/3360 + x**7/1680 + x**6/360 + 9*x**5/20 - 34*x**2. Let d(s) be the third derivative of m(s). Is d(-1) composite?
False
Suppose -4*o = 3*u, -u = -4*o - 3*u. Suppose -3*q + 3*w + 17013 = o, -17017 = 5*q - 8*q + 5*w. Is q composite?
False
Suppose -32*b + 30 = -30*b. Suppose -b*a - 18125 = -3*d - 11*a, 2*d - 4*a = 12082. Is d prime?
True
Is (69717240/(-216))/(-6 + 1) prime?
True
Let a be (-3)/21 + (-170)/(-14). Let r = a - 8. Suppose r - 98 = -4*m + 2*g, 4*m = 5*g + 109. Is m a composite number?
True
Let y = 25 - 21. Suppose 578 - 63 = 5*x - 5*p, -y*p + 230 = 2*x. Suppose x - 346 = -l. Is l prime?
True
Suppose -2*m + 4*h + 85234 = 0, 3*m - 72393 = 3*h + 55449. Is m a prime number?
True
Let i(c) = 2*c**2 - 71*c - 1441. Is i(54) prime?
True
Let c = 3722 - -45105. Suppose 17105 + c = 4*t. Is t prime?
False
Let h be ((-704)/(-10))/(3718/935 + -4). Let l = h + 11537. Is l a composite number?
True
Let m(n) = -41*n**3 + 8*n**2 + 69*n + 1. Is m(-8) prime?
False
Is (163281*(-6)/(-9))/(-6 - -8) prime?
False
Let p(j) = 132*j - 2021. Let k be p(19). Suppose -5*q + 2*b - 910 = 0, -b + 3*b = -2*q - 378. Let w = q + k. Is w a prime number?
False
Is 42618*(45580/9288 + 50/54 + -1) composite?
True
Let f = -48 + 76. Let z be (-2 - f)*(-202)/(-4). Let y = -848 - z. Is y composite?
True
Let k = 9176 - 4107. Is k composite?
True
Let l = 426554 - 247281. Is l composite?
True
Let p(w) be the third derivative of -149*w**7/840 - 49*w**6/720 - w**5/12 + 35*w**2. Let q(g) be the third derivative of p(g). Is q(-5) composite?
False
Let f = -19269 + 354634. Is f a composite number?
True
Let r = 140714 - 60841. Is r a prime number?
True
Is ((-32586)/15)/((-62)/1705) composite?
True
Let h = 54 + -58. Let u be (h + -1)*6/(-10). Suppose 1 = -4*l - u, -4*l = 3*k - 20411. Is k composite?
True
Suppose -39*g = -44*g + 5*q + 932255, g - 186445 = 2*q. Is g prime?
False
Let b(k) = 278*k - 39 + 245*k + 13. Suppose 33 = 4*m + q, -2*m + 31 - 7 = 2*q. Is b(m) a composite number?
True
Suppose 5590 - 19246 = -3*z. Let n = z - 573. Is n a prime number?
False
Let b = -527 + 304. Suppose 4*i = -0*i + 1304. Let q = b + i. Is q prime?
True
Suppose 5*l - 12684 - 8576 + 3775 = 0. Is l a prime number?
False
Suppose -46*r + 3351071 = -7911431. Is r prime?
True
Suppose -3453 - 3134 = -7*n. Suppose 0 = -x + 4*z + n, 2*z = z. Is x a composite number?
False
Let z(a) = -3415*a + 929. Is z(-44) a prime number?
True
Let g(r) = -r**3 + r - 383. Let j be g(0). Suppose -5*o + 4*o - 4*f = 726, 0 = -4*o + 3*f - 2847. Let u = j - o. Is u a composite number?
False
Suppose 0 = -d - 12 + 13. Let f be (0 - d) + (16 - 13). Suppose 0 = f*a - 3*z - 1720, 0 = a - 4*z - 187 - 668. Is a a composite number?
False
Let z = -10099 + 19834. Suppose a - z = -2*a. Let n = a - 1050. Is n prime?
False
Is (-474)/(-2133) - 2615558/(-18) a composite number?
True
Let f = 310 + -309. Is ((f - -1) + 0)*(-386020)/(-40) composite?
False
Suppose 17*k + 2 = 18*k. Suppose -k*v = -d + 6*d - 395, -395 = -5*d - 4*v. Is d composite?
False
Let r(g) = -7*g - 1. Let q be r(3). Let n = q + 25. Suppose n*s + 0*s - 93 = 0. Is s a prime number?
True
Let p(z) = z**2 + z - 15. Let h be p(-5). Is 5*h/(-50)*-6 + 434 a composite number?
True
Let i be (64/24)/((-4)/6). Let k be (i/(-5))/4 + 1344/30. Let w = k + -26. Is w composite?
False
Let j(n) = -754*n**2 + 36*n - 18. Let c(g) = -g**2 + 2*g + 1. Let y(u) = 5*c(u) - j(u). Is y(-6) a prime number?
True
Let t = -231 + 238. Suppose 15788 = t*q - 5345. Is q a prime number?
True
Let v = 37 + -21. Let w be (-3)/4*v/(-6). Is (-247 - 6)*2*(-1)/w a composite number?
True
Suppose 5*q + g + 447 + 1030 = 0, -1190 = 4*q - 2*g. Let a = 1097 - q. Is a a prime number?
False
Let j(i) be the second derivative of 7*i**4/6 + i**3/6 - 5*i**2 - 3*i. Let m = -33 + 26. Is j(m) composite?
True
Let n = 180 - 216. Let b = -1 - n. Is b composite?
True
Suppose 4*a = -0*a - 4*c - 16, -a - 3*c - 4 = 0. Let j(k) = -5*k**3 + 7*k**2 + 3*k - 13. Is j(a) composite?
True
Let z(t) = -t**3 - t**2 + 1. Let a(c) = 4*c**3 - 7*c**2 - 15*c + 24. Let p(x) = a(x) + 5*z(x). Is p(-14) a composite number?
False
Let p = 576118 + -291221. Is p prime?
True
Suppose 0 = -7*a + 9*a - 5*a. Suppose -4*b - 6 = -3*q, -2*q - 3*b - 2